{"id":3944,"date":"2024-08-30T19:45:47","date_gmt":"2024-08-30T19:45:47","guid":{"rendered":"https:\/\/unimex.com.mx\/financiera\/?page_id=3944"},"modified":"2024-10-10T22:22:33","modified_gmt":"2024-10-10T22:22:33","slug":"como-me-cobran-mi-credito","status":"publish","type":"page","link":"https:\/\/unimex.com.mx\/finx\/como-me-cobran-mi-credito\/","title":{"rendered":"\u00bfC\u00f3mo me cobran mi Cr\u00e9dito?"},"content":{"rendered":"\t\t<div data-elementor-type=\"wp-page\" data-elementor-id=\"3944\" class=\"elementor elementor-3944\" data-elementor-post-type=\"page\">\n\t\t\t\t<div class=\"elementor-element elementor-element-d5143d6 e-flex e-con-boxed e-con e-parent\" data-id=\"d5143d6\" data-element_type=\"container\">\n\t\t\t\t\t<div class=\"e-con-inner\">\n\t\t\t\t<div class=\"elementor-element elementor-element-46366af elementor-widget elementor-widget-heading\" data-id=\"46366af\" data-element_type=\"widget\" data-widget_type=\"heading.default\">\n\t\t\t\t<div class=\"elementor-widget-container\">\n\t\t\t\t\t<h2 class=\"elementor-heading-title elementor-size-default\">Preguntas Frecuentes a Unimex Financiera<\/h2>\t\t\t\t<\/div>\n\t\t\t\t<\/div>\n\t\t\t\t<div class=\"elementor-element elementor-element-f7dc004 elementor-widget elementor-widget-spacer\" data-id=\"f7dc004\" data-element_type=\"widget\" data-widget_type=\"spacer.default\">\n\t\t\t\t<div class=\"elementor-widget-container\">\n\t\t\t\t\t\t\t<div class=\"elementor-spacer\">\n\t\t\t<div class=\"elementor-spacer-inner\"><\/div>\n\t\t<\/div>\n\t\t\t\t\t\t<\/div>\n\t\t\t\t<\/div>\n\t\t\t\t<div class=\"elementor-element elementor-element-214c7f7 elementor-widget elementor-widget-finlon_faq_widget\" data-id=\"214c7f7\" data-element_type=\"widget\" data-widget_type=\"finlon_faq_widget.default\">\n\t\t\t\t<div class=\"elementor-widget-container\">\n\t\t\t\t\t\t\t<div class=\"accrodion-grp faq-one-accrodion\" data-grp-name=\"faq-one-accrodion-1167837152\">\r\n\t\t\t\t\t\t\t<!--Start Faq One Single-->\r\n\t\t\t\t<div class=\"accrodion\">\r\n\t\t\t\t\t<div class=\"accrodion-title\">\r\n\t\t\t\t\t\t<h4>Pr\u00e9stamo Personal <span class=\"accrodion-icon\"><\/span><\/h4>\r\n\t\t\t\t\t<\/div>\r\n\t\t\t\t\t<div class=\"accrodion-content\">\r\n\t\t\t\t\t\t<div class=\"inner\">\r\n\t\t\t\t\t\t\t<p>El cobro ser\u00e1 domiciliado autom\u00e1ticamente a la cuenta bancaria en la que recibiste el cr\u00e9dito.\n\nNo tienes que hacer nada; solo mantener saldo suficiente para evitar complicaciones.<\/p>\r\n\t\t\t\t\t\t<\/div>\r\n\t\t\t\t\t<\/div>\r\n\t\t\t\t<\/div>\r\n\t\t\t\t<!-- End Faq One Single-->\r\n\t\t\t\t\t\t\t<!--Start Faq One Single-->\r\n\t\t\t\t<div class=\"accrodion\">\r\n\t\t\t\t\t<div class=\"accrodion-title\">\r\n\t\t\t\t\t\t<h4>Cr\u00e9dito N\u00f3mina <span class=\"accrodion-icon\"><\/span><\/h4>\r\n\t\t\t\t\t<\/div>\r\n\t\t\t\t\t<div class=\"accrodion-content\">\r\n\t\t\t\t\t\t<div class=\"inner\">\r\n\t\t\t\t\t\t\t<p>El \u00e1rea de N\u00f3minas de tu empresa retendr\u00e1 el pago de tu cr\u00e9dito y ellos son quienes reportar\u00e1n a Unimex Financiera que el pago fue exitoso.\nNo tienes que hacer nada; solo mantener saldo suficiente para evitar complicaciones.<\/p>\r\n\t\t\t\t\t\t<\/div>\r\n\t\t\t\t\t<\/div>\r\n\t\t\t\t<\/div>\r\n\t\t\t\t<!-- End Faq One Single-->\r\n\t\t\t\t\t\t\t<!--Start Faq One Single-->\r\n\t\t\t\t<div class=\"accrodion\">\r\n\t\t\t\t\t<div class=\"accrodion-title\">\r\n\t\t\t\t\t\t<h4>Cr\u00e9dito Gas Natural <span class=\"accrodion-icon\"><\/span><\/h4>\r\n\t\t\t\t\t<\/div>\r\n\t\t\t\t\t<div class=\"accrodion-content\">\r\n\t\t\t\t\t\t<div class=\"inner\">\r\n\t\t\t\t\t\t\t<p>En tu recibo de gas, ver\u00e1s el cobro de tu cr\u00e9dito junto con tu consumo del servicio. Recuerda pagar el 100% del adeudo en la fecha que indica tu recibo para evitar inconvenientes.<\/p>\r\n\t\t\t\t\t\t<\/div>\r\n\t\t\t\t\t<\/div>\r\n\t\t\t\t<\/div>\r\n\t\t\t\t<!-- End Faq One Single-->\r\n\t\t\t\t\t<\/div>\r\n\t\t\t<script type=\"text\/javascript\">\r\n\t\t\tjQuery( function( $ ) {\r\n\t\t\t\tif ($(\".accrodion-grp\").length) {\r\n\t\t\t\t\tvar accrodionGrp = $(\".accrodion-grp\");\r\n\t\t\t\t\taccrodionGrp.each(function () {\r\n\t\t\t\t\t\tvar accrodionName = $(this).data(\"grp-name\");\r\n\t\t\t\t\t\tvar Self = $(this);\r\n\t\t\t\t\t\tvar accordion = Self.find(\".accrodion\");\r\n\t\t\t\t\t\tSelf.addClass(accrodionName);\r\n\t\t\t\t\t\tSelf.find(\".accrodion .accrodion-content\").hide();\r\n\t\t\t\t\t\tSelf.find(\".accrodion.active\").find(\".accrodion-content\").show();\r\n\t\t\t\t\t\taccordion.each(function () {\r\n\t\t\t\t\t\t\t$(this).find(\".accrodion-title\").on(\"click\", function () {\r\n\t\t\t\t\t\t\t\tif ($(this).parent().hasClass(\"active\") === false) {\r\n\t\t\t\t\t\t\t\t\t$(\".accrodion-grp.\" + accrodionName).find(\".accrodion\").removeClass(\"active\");\r\n\t\t\t\t\t\t\t\t\t$(\".accrodion-grp.\" + accrodionName).find(\".accrodion\").find(\".accrodion-content\").slideUp();\r\n\t\t\t\t\t\t\t\t\t$(this).parent().addClass(\"active\");\r\n\t\t\t\t\t\t\t\t\t$(this).parent().find(\".accrodion-content\").slideDown();\r\n\t\t\t\t\t\t\t\t}\r\n\t\t\t\t\t\t\t});\r\n\t\t\t\t\t\t});\r\n\t\t\t\t\t});\r\n\t\t\t\t}\r\n\t\t\t})\r\n\t\t<\/script>\r\n\t\t\t\t\t<\/div>\n\t\t\t\t<\/div>\n\t\t\t\t\t<\/div>\n\t\t\t\t<\/div>\n\t\t<div class=\"elementor-element elementor-element-3215b85 e-flex e-con-boxed e-con e-parent\" data-id=\"3215b85\" data-element_type=\"container\">\n\t\t\t\t\t<div class=\"e-con-inner\">\n\t\t\t\t<div class=\"elementor-element elementor-element-58b2a53 elementor-widget elementor-widget-finlon_contact_info\" data-id=\"58b2a53\" data-element_type=\"widget\" data-widget_type=\"finlon_contact_info.default\">\n\t\t\t\t<div class=\"elementor-widget-container\">\n\t\t\t\t\t\t\t<div class=\"contact-info-one__item\">\r\n\t\t\t<div class=\"contact-info-one__icon\">\r\n\t\t\t\t<i class=\"icon icon-email\"><\/i>\r\n\t\t\t<\/div><!-- \/.contact-info-one__icon -->\r\n\t\t\t<div class=\"contact-info-one__content\">\r\n\t\t\t\t<p class=\"contact-info-one__text\">Si tienes alguna duda sobre tu pago.<\/p><!-- \/.contact-info-one__text -->\r\n\t\t\t\t<a class=\"contact-info-one__link\"  href=\"\">Cont\u00e1ctanos<\/a>\r\n\t\t\t<\/div><!-- \/.contact-info-one__content -->\r\n\t\t<\/div>\r\n\t\t\t\t\t<\/div>\n\t\t\t\t<\/div>\n\t\t\t\t\t<\/div>\n\t\t\t\t<\/div>\n\t\t<div class=\"elementor-element elementor-element-c53e12f e-flex e-con-boxed e-con e-parent\" data-id=\"c53e12f\" data-element_type=\"container\">\n\t\t\t\t\t<div class=\"e-con-inner\">\n\t\t<div class=\"elementor-element elementor-element-20b0bbe e-con-full e-flex e-con e-child\" data-id=\"20b0bbe\" data-element_type=\"container\">\n\t\t\t\t<\/div>\n\t\t<div class=\"elementor-element elementor-element-2dc80f9 e-con-full e-flex e-con e-child\" data-id=\"2dc80f9\" data-element_type=\"container\">\n\t\t\t\t<div class=\"elementor-element elementor-element-e61632f elementor-button-align-stretch elementor-widget elementor-widget-form\" data-id=\"e61632f\" data-element_type=\"widget\" data-settings=\"{&quot;step_next_label&quot;:&quot;Siguiente&quot;,&quot;step_previous_label&quot;:&quot;Anterior&quot;,&quot;button_width&quot;:&quot;100&quot;,&quot;step_type&quot;:&quot;number_text&quot;,&quot;step_icon_shape&quot;:&quot;circle&quot;}\" data-widget_type=\"form.default\">\n\t\t\t\t<div class=\"elementor-widget-container\">\n\t\t\t\t\t\t\t<form class=\"elementor-form\" method=\"post\" name=\"Nuevo formulario\">\n\t\t\t<input type=\"hidden\" name=\"post_id\" value=\"3944\"\/>\n\t\t\t<input type=\"hidden\" name=\"form_id\" value=\"e61632f\"\/>\n\t\t\t<input type=\"hidden\" name=\"referer_title\" value=\"\u00bfC\u00f3mo me cobran mi Cr\u00e9dito? - Unimex Digital\" \/>\n\n\t\t\t\t\t\t\t<input type=\"hidden\" name=\"queried_id\" value=\"3944\"\/>\n\t\t\t\n\t\t\t<div class=\"elementor-form-fields-wrapper elementor-labels-above\">\n\t\t\t\t\t\t\t\t<div class=\"elementor-field-type-text elementor-field-group elementor-column elementor-field-group-name elementor-col-100 elementor-field-required\">\n\t\t\t\t\t\t\t\t\t\t\t\t<label for=\"form-field-name\" class=\"elementor-field-label\">\n\t\t\t\t\t\t\t\tNombre\t\t\t\t\t\t\t<\/label>\n\t\t\t\t\t\t\t\t\t\t\t\t\t\t<input size=\"1\" type=\"text\" name=\"form_fields[name]\" id=\"form-field-name\" class=\"elementor-field elementor-size-sm  elementor-field-textual\" placeholder=\"Nombre\" required=\"required\">\n\t\t\t\t\t\t\t\t\t\t\t<\/div>\n\t\t\t\t\t\t\t\t<div class=\"elementor-field-type-email elementor-field-group elementor-column elementor-field-group-email elementor-col-100 elementor-field-required\">\n\t\t\t\t\t\t\t\t\t\t\t\t<label for=\"form-field-email\" class=\"elementor-field-label\">\n\t\t\t\t\t\t\t\tCorreo electr\u00f3nico\t\t\t\t\t\t\t<\/label>\n\t\t\t\t\t\t\t\t\t\t\t\t\t\t<input size=\"1\" type=\"email\" name=\"form_fields[email]\" id=\"form-field-email\" class=\"elementor-field elementor-size-sm  elementor-field-textual\" placeholder=\"Correo electr\u00f3nico\" required=\"required\">\n\t\t\t\t\t\t\t\t\t\t\t<\/div>\n\t\t\t\t\t\t\t\t<div class=\"elementor-field-type-tel elementor-field-group elementor-column elementor-field-group-field_94abf2b elementor-col-100 elementor-field-required\">\n\t\t\t\t\t\t\t\t\t\t\t\t<label for=\"form-field-field_94abf2b\" class=\"elementor-field-label\">\n\t\t\t\t\t\t\t\tTel\u00e9fono\t\t\t\t\t\t\t<\/label>\n\t\t\t\t\t\t\t\t<input size=\"1\" type=\"tel\" name=\"form_fields[field_94abf2b]\" id=\"form-field-field_94abf2b\" class=\"elementor-field elementor-size-sm  elementor-field-textual\" required=\"required\" pattern=\"[0-9()#&amp;+*-=.]+\" title=\"Solo se aceptan n\u00fameros y caracteres de tel\u00e9fono (#,-,*,etc).\">\n\n\t\t\t\t\t\t<\/div>\n\t\t\t\t\t\t\t\t<div class=\"elementor-field-type-textarea elementor-field-group elementor-column elementor-field-group-message elementor-col-100 elementor-field-required\">\n\t\t\t\t\t\t\t\t\t\t\t\t<label for=\"form-field-message\" class=\"elementor-field-label\">\n\t\t\t\t\t\t\t\tMensaje\t\t\t\t\t\t\t<\/label>\n\t\t\t\t\t\t<textarea class=\"elementor-field-textual elementor-field  elementor-size-sm\" name=\"form_fields[message]\" id=\"form-field-message\" rows=\"4\" placeholder=\"Mensaje\" required=\"required\"><\/textarea>\t\t\t\t<\/div>\n\t\t\t\t\t\t\t\t<div class=\"elementor-field-type-acceptance elementor-field-group elementor-column elementor-field-group-field_e1b2256 elementor-col-100 elementor-field-required\">\n\t\t\t\t\t\t\t<div class=\"elementor-field-subgroup\">\n\t\t\t<span class=\"elementor-field-option\">\n\t\t\t\t<input type=\"checkbox\" name=\"form_fields[field_e1b2256]\" id=\"form-field-field_e1b2256\" class=\"elementor-field elementor-size-sm  elementor-acceptance-field\" required=\"required\">\n\t\t\t\t<label for=\"form-field-field_e1b2256\">Acepto la pol\u00edtica de privacidad<\/label>\t\t\t<\/span>\n\t\t<\/div>\n\t\t\t\t\t\t<\/div>\n\t\t\t\t\t\t\t\t<div class=\"elementor-field-type-recaptcha_v3 elementor-field-group elementor-column elementor-field-group-field_dcef5e6 elementor-col-100 recaptcha_v3-inline\">\n\t\t\t\t\t<div class=\"elementor-field\" id=\"form-field-field_dcef5e6\"><div class=\"elementor-g-recaptcha\" data-sitekey=\"6Lcyu10qAAAAAF_NLJl-ZSUVJilo3cIH3vTlkwG7\" data-type=\"v3\" data-action=\"Form\" data-badge=\"inline\" data-size=\"invisible\"><\/div><\/div>\t\t\t\t<\/div>\n\t\t\t\t\t\t\t\t<div class=\"elementor-field-group elementor-column elementor-field-type-submit elementor-col-100 e-form__buttons\">\n\t\t\t\t\t<button class=\"elementor-button elementor-size-sm\" type=\"submit\">\n\t\t\t\t\t\t<span class=\"elementor-button-content-wrapper\">\n\t\t\t\t\t\t\t\t\t\t\t\t\t\t\t\t\t\t\t\t\t\t<span class=\"elementor-button-text\">Enviar<\/span>\n\t\t\t\t\t\t\t\t\t\t\t\t\t<\/span>\n\t\t\t\t\t<\/button>\n\t\t\t\t<\/div>\n\t\t\t<\/div>\n\t\t<\/form>\n\t\t\t\t\t\t<\/div>\n\t\t\t\t<\/div>\n\t\t\t\t<\/div>\n\t\t<div class=\"elementor-element elementor-element-b11f737 e-con-full e-flex e-con e-child\" data-id=\"b11f737\" data-element_type=\"container\">\n\t\t\t\t<\/div>\n\t\t\t\t\t<\/div>\n\t\t\t\t<\/div>\n\t\t<div class=\"elementor-element elementor-element-945d6e9 e-flex e-con-boxed e-con e-parent\" data-id=\"945d6e9\" data-element_type=\"container\">\n\t\t\t\t\t<div class=\"e-con-inner\">\n\t\t\t\t\t<\/div>\n\t\t\t\t<\/div>\n\t\t\t\t<\/div>\n\t\t","protected":false},"excerpt":{"rendered":"<p>Preguntas Frecuentes a Unimex Financiera Pr\u00e9stamo Personal El cobro ser\u00e1 domiciliado autom\u00e1ticamente a la cuenta bancaria en la que recibiste el cr\u00e9dito. No tienes que hacer nada; solo mantener saldo suficiente para evitar complicaciones. Cr\u00e9dito N\u00f3mina El \u00e1rea de N\u00f3minas de tu empresa retendr\u00e1 el pago de tu cr\u00e9dito y ellos son quienes reportar\u00e1n a [&hellip;]<\/p>\n","protected":false},"author":1,"featured_media":0,"parent":0,"menu_order":0,"comment_status":"closed","ping_status":"closed","template":"","meta":{"footnotes":""},"class_list":["post-3944","page","type-page","status-publish","hentry"],"yoast_head":"<!-- This site is optimized with the Yoast SEO plugin v24.8.1 - https:\/\/yoast.com\/wordpress\/plugins\/seo\/ -->\n<title>\u00bfC\u00f3mo me cobran mi Cr\u00e9dito? - Unimex Digital<\/title>\n<meta name=\"robots\" content=\"index, follow, max-snippet:-1, max-image-preview:large, max-video-preview:-1\" \/>\n<link rel=\"canonical\" href=\"https:\/\/unimex.com.mx\/finx\/como-me-cobran-mi-credito\/\" \/>\n<meta property=\"og:locale\" content=\"es_ES\" \/>\n<meta property=\"og:type\" content=\"article\" \/>\n<meta property=\"og:title\" content=\"\u00bfC\u00f3mo me cobran mi Cr\u00e9dito? - Unimex Digital\" \/>\n<meta property=\"og:description\" content=\"Preguntas Frecuentes a Unimex Financiera Pr\u00e9stamo Personal El cobro ser\u00e1 domiciliado autom\u00e1ticamente a la cuenta bancaria en la que recibiste el cr\u00e9dito. No tienes que hacer nada; solo mantener saldo suficiente para evitar complicaciones. Cr\u00e9dito N\u00f3mina El \u00e1rea de N\u00f3minas de tu empresa retendr\u00e1 el pago de tu cr\u00e9dito y ellos son quienes reportar\u00e1n a [&hellip;]\" \/>\n<meta property=\"og:url\" content=\"https:\/\/unimex.com.mx\/finx\/como-me-cobran-mi-credito\/\" \/>\n<meta property=\"og:site_name\" content=\"Unimex Digital\" \/>\n<meta property=\"article:publisher\" content=\"https:\/\/www.facebook.com\/unimex.financiera.creditos\" \/>\n<meta property=\"article:modified_time\" content=\"2024-10-10T22:22:33+00:00\" \/>\n<meta property=\"og:image\" content=\"https:\/\/unimex.com.mx\/finx\/wp-content\/uploads\/2024\/10\/logo-unimex.png\" \/>\n\t<meta property=\"og:image:width\" content=\"615\" \/>\n\t<meta property=\"og:image:height\" content=\"406\" \/>\n\t<meta property=\"og:image:type\" content=\"image\/png\" \/>\n<meta name=\"twitter:card\" content=\"summary_large_image\" \/>\n<meta name=\"twitter:label1\" content=\"Tiempo de lectura\" \/>\n\t<meta name=\"twitter:data1\" content=\"1 minuto\" \/>\n<script type=\"application\/ld+json\" class=\"yoast-schema-graph\">{\"@context\":\"https:\/\/schema.org\",\"@graph\":[{\"@type\":\"WebPage\",\"@id\":\"https:\/\/unimex.com.mx\/finx\/como-me-cobran-mi-credito\/\",\"url\":\"https:\/\/unimex.com.mx\/finx\/como-me-cobran-mi-credito\/\",\"name\":\"\u00bfC\u00f3mo me cobran mi Cr\u00e9dito? - Unimex Digital\",\"isPartOf\":{\"@id\":\"https:\/\/unimex.com.mx\/finx\/#website\"},\"datePublished\":\"2024-08-30T19:45:47+00:00\",\"dateModified\":\"2024-10-10T22:22:33+00:00\",\"breadcrumb\":{\"@id\":\"https:\/\/unimex.com.mx\/finx\/como-me-cobran-mi-credito\/#breadcrumb\"},\"inLanguage\":\"es\",\"potentialAction\":[{\"@type\":\"ReadAction\",\"target\":[\"https:\/\/unimex.com.mx\/finx\/como-me-cobran-mi-credito\/\"]}]},{\"@type\":\"BreadcrumbList\",\"@id\":\"https:\/\/unimex.com.mx\/finx\/como-me-cobran-mi-credito\/#breadcrumb\",\"itemListElement\":[{\"@type\":\"ListItem\",\"position\":1,\"name\":\"Portada\",\"item\":\"https:\/\/unimex.com.mx\/finx\/\"},{\"@type\":\"ListItem\",\"position\":2,\"name\":\"\u00bfC\u00f3mo me cobran mi Cr\u00e9dito?\"}]},{\"@type\":\"WebSite\",\"@id\":\"https:\/\/unimex.com.mx\/finx\/#website\",\"url\":\"https:\/\/unimex.com.mx\/finx\/\",\"name\":\"Unimex Digital\",\"description\":\"Pr\u00e9stamos Unimex\",\"publisher\":{\"@id\":\"https:\/\/unimex.com.mx\/finx\/#organization\"},\"potentialAction\":[{\"@type\":\"SearchAction\",\"target\":{\"@type\":\"EntryPoint\",\"urlTemplate\":\"https:\/\/unimex.com.mx\/finx\/?s={search_term_string}\"},\"query-input\":{\"@type\":\"PropertyValueSpecification\",\"valueRequired\":true,\"valueName\":\"search_term_string\"}}],\"inLanguage\":\"es\"},{\"@type\":\"Organization\",\"@id\":\"https:\/\/unimex.com.mx\/finx\/#organization\",\"name\":\"Unimex Digital SA de CV\",\"alternateName\":\"Unimex\",\"url\":\"https:\/\/unimex.com.mx\/finx\/\",\"logo\":{\"@type\":\"ImageObject\",\"inLanguage\":\"es\",\"@id\":\"https:\/\/unimex.com.mx\/finx\/#\/schema\/logo\/image\/\",\"url\":\"https:\/\/unimex.com.mx\/finx\/wp-content\/uploads\/2024\/10\/logo-unimex.png\",\"contentUrl\":\"https:\/\/unimex.com.mx\/finx\/wp-content\/uploads\/2024\/10\/logo-unimex.png\",\"width\":615,\"height\":406,\"caption\":\"Unimex Digital SA de CV\"},\"image\":{\"@id\":\"https:\/\/unimex.com.mx\/finx\/#\/schema\/logo\/image\/\"},\"sameAs\":[\"https:\/\/www.facebook.com\/unimex.financiera.creditos\",\"https:\/\/www.instagram.com\/unimex.financiera_oficial\/\"]}]}<\/script>\n<!-- \/ Yoast SEO plugin. -->","yoast_head_json":{"title":"\u00bfC\u00f3mo me cobran mi Cr\u00e9dito? - Unimex Digital","robots":{"index":"index","follow":"follow","max-snippet":"max-snippet:-1","max-image-preview":"max-image-preview:large","max-video-preview":"max-video-preview:-1"},"canonical":"https:\/\/unimex.com.mx\/finx\/como-me-cobran-mi-credito\/","og_locale":"es_ES","og_type":"article","og_title":"\u00bfC\u00f3mo me cobran mi Cr\u00e9dito? - Unimex Digital","og_description":"Preguntas Frecuentes a Unimex Financiera Pr\u00e9stamo Personal El cobro ser\u00e1 domiciliado autom\u00e1ticamente a la cuenta bancaria en la que recibiste el cr\u00e9dito. No tienes que hacer nada; solo mantener saldo suficiente para evitar complicaciones. Cr\u00e9dito N\u00f3mina El \u00e1rea de N\u00f3minas de tu empresa retendr\u00e1 el pago de tu cr\u00e9dito y ellos son quienes reportar\u00e1n a [&hellip;]","og_url":"https:\/\/unimex.com.mx\/finx\/como-me-cobran-mi-credito\/","og_site_name":"Unimex Digital","article_publisher":"https:\/\/www.facebook.com\/unimex.financiera.creditos","article_modified_time":"2024-10-10T22:22:33+00:00","og_image":[{"width":615,"height":406,"url":"https:\/\/unimex.com.mx\/finx\/wp-content\/uploads\/2024\/10\/logo-unimex.png","type":"image\/png"}],"twitter_card":"summary_large_image","twitter_misc":{"Tiempo de lectura":"1 minuto"},"schema":{"@context":"https:\/\/schema.org","@graph":[{"@type":"WebPage","@id":"https:\/\/unimex.com.mx\/finx\/como-me-cobran-mi-credito\/","url":"https:\/\/unimex.com.mx\/finx\/como-me-cobran-mi-credito\/","name":"\u00bfC\u00f3mo me cobran mi Cr\u00e9dito? - Unimex Digital","isPartOf":{"@id":"https:\/\/unimex.com.mx\/finx\/#website"},"datePublished":"2024-08-30T19:45:47+00:00","dateModified":"2024-10-10T22:22:33+00:00","breadcrumb":{"@id":"https:\/\/unimex.com.mx\/finx\/como-me-cobran-mi-credito\/#breadcrumb"},"inLanguage":"es","potentialAction":[{"@type":"ReadAction","target":["https:\/\/unimex.com.mx\/finx\/como-me-cobran-mi-credito\/"]}]},{"@type":"BreadcrumbList","@id":"https:\/\/unimex.com.mx\/finx\/como-me-cobran-mi-credito\/#breadcrumb","itemListElement":[{"@type":"ListItem","position":1,"name":"Portada","item":"https:\/\/unimex.com.mx\/finx\/"},{"@type":"ListItem","position":2,"name":"\u00bfC\u00f3mo me cobran mi Cr\u00e9dito?"}]},{"@type":"WebSite","@id":"https:\/\/unimex.com.mx\/finx\/#website","url":"https:\/\/unimex.com.mx\/finx\/","name":"Unimex Digital","description":"Pr\u00e9stamos Unimex","publisher":{"@id":"https:\/\/unimex.com.mx\/finx\/#organization"},"potentialAction":[{"@type":"SearchAction","target":{"@type":"EntryPoint","urlTemplate":"https:\/\/unimex.com.mx\/finx\/?s={search_term_string}"},"query-input":{"@type":"PropertyValueSpecification","valueRequired":true,"valueName":"search_term_string"}}],"inLanguage":"es"},{"@type":"Organization","@id":"https:\/\/unimex.com.mx\/finx\/#organization","name":"Unimex Digital SA de CV","alternateName":"Unimex","url":"https:\/\/unimex.com.mx\/finx\/","logo":{"@type":"ImageObject","inLanguage":"es","@id":"https:\/\/unimex.com.mx\/finx\/#\/schema\/logo\/image\/","url":"https:\/\/unimex.com.mx\/finx\/wp-content\/uploads\/2024\/10\/logo-unimex.png","contentUrl":"https:\/\/unimex.com.mx\/finx\/wp-content\/uploads\/2024\/10\/logo-unimex.png","width":615,"height":406,"caption":"Unimex Digital SA de CV"},"image":{"@id":"https:\/\/unimex.com.mx\/finx\/#\/schema\/logo\/image\/"},"sameAs":["https:\/\/www.facebook.com\/unimex.financiera.creditos","https:\/\/www.instagram.com\/unimex.financiera_oficial\/"]}]}},"_links":{"self":[{"href":"https:\/\/unimex.com.mx\/finx\/wp-json\/wp\/v2\/pages\/3944","targetHints":{"allow":["GET"]}}],"collection":[{"href":"https:\/\/unimex.com.mx\/finx\/wp-json\/wp\/v2\/pages"}],"about":[{"href":"https:\/\/unimex.com.mx\/finx\/wp-json\/wp\/v2\/types\/page"}],"author":[{"embeddable":true,"href":"https:\/\/unimex.com.mx\/finx\/wp-json\/wp\/v2\/users\/1"}],"replies":[{"embeddable":true,"href":"https:\/\/unimex.com.mx\/finx\/wp-json\/wp\/v2\/comments?post=3944"}],"version-history":[{"count":46,"href":"https:\/\/unimex.com.mx\/finx\/wp-json\/wp\/v2\/pages\/3944\/revisions"}],"predecessor-version":[{"id":8034,"href":"https:\/\/unimex.com.mx\/finx\/wp-json\/wp\/v2\/pages\/3944\/revisions\/8034"}],"wp:attachment":[{"href":"https:\/\/unimex.com.mx\/finx\/wp-json\/wp\/v2\/media?parent=3944"}],"curies":[{"name":"wp","href":"https:\/\/api.w.org\/{rel}","templated":true}]}}