{"id":3672,"date":"2024-08-29T21:15:52","date_gmt":"2024-08-29T21:15:52","guid":{"rendered":"https:\/\/unimex.com.mx\/financiera\/?page_id=3672"},"modified":"2024-10-03T16:17:46","modified_gmt":"2024-10-03T16:17:46","slug":"alianza-mi-gas-natural","status":"publish","type":"page","link":"https:\/\/unimex.com.mx\/finx\/alianza-mi-gas-natural\/","title":{"rendered":"Alianza Mi Gas Natural"},"content":{"rendered":"\t\t<div data-elementor-type=\"wp-page\" data-elementor-id=\"3672\" class=\"elementor elementor-3672\" data-elementor-post-type=\"page\">\n\t\t\t\t<div class=\"elementor-element elementor-element-7b1ef98 e-flex e-con-boxed e-con e-parent\" data-id=\"7b1ef98\" data-element_type=\"container\">\n\t\t\t\t\t<div class=\"e-con-inner\">\n\t\t<div class=\"elementor-element elementor-element-bb66d85 e-con-full e-flex e-con e-child\" data-id=\"bb66d85\" data-element_type=\"container\">\n\t\t\t\t<div class=\"elementor-element elementor-element-a2fc1ee elementor-widget elementor-widget-image\" data-id=\"a2fc1ee\" data-element_type=\"widget\" data-widget_type=\"image.default\">\n\t\t\t\t<div class=\"elementor-widget-container\">\n\t\t\t\t\t\t\t\t\t\t\t\t\t\t\t<img fetchpriority=\"high\" decoding=\"async\" width=\"640\" height=\"427\" src=\"https:\/\/unimex.com.mx\/finx\/wp-content\/uploads\/2022\/07\/gasnatural-1024x683.jpg\" class=\"attachment-large size-large wp-image-3661\" alt=\"\" srcset=\"https:\/\/unimex.com.mx\/finx\/wp-content\/uploads\/2022\/07\/gasnatural-1024x683.jpg 1024w, https:\/\/unimex.com.mx\/finx\/wp-content\/uploads\/2022\/07\/gasnatural-300x200.jpg 300w, https:\/\/unimex.com.mx\/finx\/wp-content\/uploads\/2022\/07\/gasnatural-768x512.jpg 768w, https:\/\/unimex.com.mx\/finx\/wp-content\/uploads\/2022\/07\/gasnatural-1536x1024.jpg 1536w, https:\/\/unimex.com.mx\/finx\/wp-content\/uploads\/2022\/07\/gasnatural-2048x1365.jpg 2048w, https:\/\/unimex.com.mx\/finx\/wp-content\/uploads\/2022\/07\/gasnatural-360x240.jpg 360w\" sizes=\"(max-width: 640px) 100vw, 640px\" \/>\t\t\t\t\t\t\t\t\t\t\t\t\t\t\t<\/div>\n\t\t\t\t<\/div>\n\t\t\t\t<\/div>\n\t\t<div class=\"elementor-element elementor-element-1ad837b e-con-full e-flex e-con e-child\" data-id=\"1ad837b\" data-element_type=\"container\">\n\t\t<div class=\"elementor-element elementor-element-44a221c e-con-full e-flex e-con e-child\" data-id=\"44a221c\" data-element_type=\"container\">\n\t\t\t\t<div class=\"elementor-element elementor-element-7cac196 elementor-widget elementor-widget-heading\" data-id=\"7cac196\" data-element_type=\"widget\" data-widget_type=\"heading.default\">\n\t\t\t\t<div class=\"elementor-widget-container\">\n\t\t\t\t\t<h2 class=\"elementor-heading-title elementor-size-default\">Mi Gas Natural y Unimex te prestan dinero<\/h2>\t\t\t\t<\/div>\n\t\t\t\t<\/div>\n\t\t\t\t<\/div>\n\t\t<div class=\"elementor-element elementor-element-c515413 e-con-full e-flex e-con e-child\" data-id=\"c515413\" data-element_type=\"container\">\n\t\t\t\t<div class=\"elementor-element elementor-element-c780e27 elementor-widget elementor-widget-text-editor\" data-id=\"c780e27\" data-element_type=\"widget\" data-widget_type=\"text-editor.default\">\n\t\t\t\t<div class=\"elementor-widget-container\">\n\t\t\t\t\t\t\t\t\t<p>Hicimos alianza para crear un pr\u00e9stamo r\u00e1pido, 100% en l\u00ednea y con la facilitad de pagarlo desde tu recibo de gas<\/p>\t\t\t\t\t\t\t\t<\/div>\n\t\t\t\t<\/div>\n\t\t\t\t<div class=\"elementor-element elementor-element-f508c79 elementor-widget elementor-widget-spacer\" data-id=\"f508c79\" data-element_type=\"widget\" data-widget_type=\"spacer.default\">\n\t\t\t\t<div class=\"elementor-widget-container\">\n\t\t\t\t\t\t\t<div class=\"elementor-spacer\">\n\t\t\t<div class=\"elementor-spacer-inner\"><\/div>\n\t\t<\/div>\n\t\t\t\t\t\t<\/div>\n\t\t\t\t<\/div>\n\t\t\t\t<\/div>\n\t\t\t\t<div class=\"elementor-element elementor-element-22b98f3 elementor-align-center elementor-widget elementor-widget-button\" data-id=\"22b98f3\" data-element_type=\"widget\" data-widget_type=\"button.default\">\n\t\t\t\t<div class=\"elementor-widget-container\">\n\t\t\t\t\t\t\t\t\t<div class=\"elementor-button-wrapper\">\n\t\t\t\t\t<a class=\"elementor-button elementor-button-link elementor-size-sm elementor-animation-pulse\" href=\"https:\/\/unii.com.mx\/registro?_ga=2.113348231.1429183753.1724879242-1652082901.1724879242\">\n\t\t\t\t\t\t<span class=\"elementor-button-content-wrapper\">\n\t\t\t\t\t\t<span class=\"elementor-button-icon\">\n\t\t\t\t<svg aria-hidden=\"true\" class=\"e-font-icon-svg e-fas-money-bill-alt\" viewBox=\"0 0 640 512\" xmlns=\"http:\/\/www.w3.org\/2000\/svg\"><path d=\"M352 288h-16v-88c0-4.42-3.58-8-8-8h-13.58c-4.74 0-9.37 1.4-13.31 4.03l-15.33 10.22a7.994 7.994 0 0 0-2.22 11.09l8.88 13.31a7.994 7.994 0 0 0 11.09 2.22l.47-.31V288h-16c-4.42 0-8 3.58-8 8v16c0 4.42 3.58 8 8 8h64c4.42 0 8-3.58 8-8v-16c0-4.42-3.58-8-8-8zM608 64H32C14.33 64 0 78.33 0 96v320c0 17.67 14.33 32 32 32h576c17.67 0 32-14.33 32-32V96c0-17.67-14.33-32-32-32zM48 400v-64c35.35 0 64 28.65 64 64H48zm0-224v-64h64c0 35.35-28.65 64-64 64zm272 192c-53.02 0-96-50.15-96-112 0-61.86 42.98-112 96-112s96 50.14 96 112c0 61.87-43 112-96 112zm272 32h-64c0-35.35 28.65-64 64-64v64zm0-224c-35.35 0-64-28.65-64-64h64v64z\"><\/path><\/svg>\t\t\t<\/span>\n\t\t\t\t\t\t\t\t\t<span class=\"elementor-button-text\">Solicita Tu Cr\u00e9dito<\/span>\n\t\t\t\t\t<\/span>\n\t\t\t\t\t<\/a>\n\t\t\t\t<\/div>\n\t\t\t\t\t\t\t\t<\/div>\n\t\t\t\t<\/div>\n\t\t\t\t<\/div>\n\t\t\t\t\t<\/div>\n\t\t\t\t<\/div>\n\t\t<div class=\"elementor-element elementor-element-f466feb e-flex e-con-boxed e-con e-parent\" data-id=\"f466feb\" data-element_type=\"container\">\n\t\t\t\t\t<div class=\"e-con-inner\">\n\t\t\t\t<div class=\"elementor-element elementor-element-34df539 elementor-widget elementor-widget-text-editor\" data-id=\"34df539\" data-element_type=\"widget\" data-widget_type=\"text-editor.default\">\n\t\t\t\t<div class=\"elementor-widget-container\">\n\t\t\t\t\t\t\t\t\t<p>Este pr\u00e9stamo es exclusivo para clientes activos de Mi Gas Natural. Es un cr\u00e9dito r\u00e1pido y seguro, tramite 100% en l\u00ednea y puedes solicitar hasta $80,000 pesos.<\/p><p>Solic\u00edtalo y obtenlo en menos de 48 horas.<\/p>\t\t\t\t\t\t\t\t<\/div>\n\t\t\t\t<\/div>\n\t\t\t\t\t<\/div>\n\t\t\t\t<\/div>\n\t\t<div class=\"elementor-element elementor-element-9bb498b e-flex e-con-boxed e-con e-parent\" data-id=\"9bb498b\" data-element_type=\"container\">\n\t\t\t\t\t<div class=\"e-con-inner\">\n\t\t<div class=\"elementor-element elementor-element-c3b674d e-con-full e-flex e-con e-child\" data-id=\"c3b674d\" data-element_type=\"container\">\n\t\t\t\t<div class=\"elementor-element elementor-element-b8adf0c elementor-widget elementor-widget-image\" data-id=\"b8adf0c\" data-element_type=\"widget\" data-widget_type=\"image.default\">\n\t\t\t\t<div class=\"elementor-widget-container\">\n\t\t\t\t\t\t\t\t\t\t\t\t\t\t\t<img decoding=\"async\" width=\"640\" height=\"640\" src=\"https:\/\/unimex.com.mx\/finx\/wp-content\/uploads\/2024\/08\/gasnatiral2-1024x1024.png\" class=\"attachment-large size-large wp-image-3676\" alt=\"\" srcset=\"https:\/\/unimex.com.mx\/finx\/wp-content\/uploads\/2024\/08\/gasnatiral2-1024x1024.png 1024w, https:\/\/unimex.com.mx\/finx\/wp-content\/uploads\/2024\/08\/gasnatiral2-300x300.png 300w, https:\/\/unimex.com.mx\/finx\/wp-content\/uploads\/2024\/08\/gasnatiral2-150x150.png 150w, https:\/\/unimex.com.mx\/finx\/wp-content\/uploads\/2024\/08\/gasnatiral2-768x768.png 768w, https:\/\/unimex.com.mx\/finx\/wp-content\/uploads\/2024\/08\/gasnatiral2-240x240.png 240w, https:\/\/unimex.com.mx\/finx\/wp-content\/uploads\/2024\/08\/gasnatiral2.png 1080w\" sizes=\"(max-width: 640px) 100vw, 640px\" \/>\t\t\t\t\t\t\t\t\t\t\t\t\t\t\t<\/div>\n\t\t\t\t<\/div>\n\t\t\t\t<\/div>\n\t\t<div class=\"elementor-element elementor-element-7b971a4 e-con-full e-flex e-con e-child\" data-id=\"7b971a4\" data-element_type=\"container\">\n\t\t\t\t<div class=\"elementor-element elementor-element-af09d3b elementor-widget elementor-widget-text-editor\" data-id=\"af09d3b\" data-element_type=\"widget\" data-widget_type=\"text-editor.default\">\n\t\t\t\t<div class=\"elementor-widget-container\">\n\t\t\t\t\t\t\t\t\t<p>Unimex es una filial de Gas Natural de grupo SIMSA. Desde septiembre del 2020, operamos en conjunto para ofrecer\u00a0<strong>pr\u00e9stamos\u00a0personales\u00a0<\/strong>a cargo de la factura de gas.<\/p>\t\t\t\t\t\t\t\t<\/div>\n\t\t\t\t<\/div>\n\t\t\t\t<\/div>\n\t\t\t\t\t<\/div>\n\t\t\t\t<\/div>\n\t\t<div class=\"elementor-element elementor-element-1ca481c e-flex e-con-boxed e-con e-parent\" data-id=\"1ca481c\" data-element_type=\"container\">\n\t\t\t\t\t<div class=\"e-con-inner\">\n\t\t<div class=\"elementor-element elementor-element-79f1d83 e-con-full e-flex e-con e-child\" data-id=\"79f1d83\" data-element_type=\"container\">\n\t\t\t\t<div class=\"elementor-element elementor-element-4b9698b elementor-widget elementor-widget-image\" data-id=\"4b9698b\" data-element_type=\"widget\" data-widget_type=\"image.default\">\n\t\t\t\t<div class=\"elementor-widget-container\">\n\t\t\t\t\t\t\t\t\t\t\t\t\t\t\t<img decoding=\"async\" width=\"640\" height=\"480\" src=\"https:\/\/unimex.com.mx\/finx\/wp-content\/uploads\/2024\/08\/Mapa-Cobertura-Mi-Gas-Natural.png\" class=\"attachment-large size-large wp-image-3677\" alt=\"\" srcset=\"https:\/\/unimex.com.mx\/finx\/wp-content\/uploads\/2024\/08\/Mapa-Cobertura-Mi-Gas-Natural.png 810w, https:\/\/unimex.com.mx\/finx\/wp-content\/uploads\/2024\/08\/Mapa-Cobertura-Mi-Gas-Natural-300x225.png 300w, https:\/\/unimex.com.mx\/finx\/wp-content\/uploads\/2024\/08\/Mapa-Cobertura-Mi-Gas-Natural-768x576.png 768w, https:\/\/unimex.com.mx\/finx\/wp-content\/uploads\/2024\/08\/Mapa-Cobertura-Mi-Gas-Natural-320x240.png 320w\" sizes=\"(max-width: 640px) 100vw, 640px\" \/>\t\t\t\t\t\t\t\t\t\t\t\t\t\t\t<\/div>\n\t\t\t\t<\/div>\n\t\t\t\t<\/div>\n\t\t<div class=\"elementor-element elementor-element-b197c5a e-con-full e-flex e-con e-child\" data-id=\"b197c5a\" data-element_type=\"container\">\n\t\t\t\t<div class=\"elementor-element elementor-element-bb74a41 elementor-widget elementor-widget-heading\" data-id=\"bb74a41\" data-element_type=\"widget\" data-widget_type=\"heading.default\">\n\t\t\t\t<div class=\"elementor-widget-container\">\n\t\t\t\t\t<h2 class=\"elementor-heading-title elementor-size-default\">\u00bfD\u00f3nde tiene cobertura el servicio de Mi Gas Natural?<\/h2>\t\t\t\t<\/div>\n\t\t\t\t<\/div>\n\t\t\t\t<div class=\"elementor-element elementor-element-cc38141 elementor-icon-list--layout-traditional elementor-list-item-link-full_width elementor-widget elementor-widget-icon-list\" data-id=\"cc38141\" data-element_type=\"widget\" data-widget_type=\"icon-list.default\">\n\t\t\t\t<div class=\"elementor-widget-container\">\n\t\t\t\t\t\t\t<ul class=\"elementor-icon-list-items\">\n\t\t\t\t\t\t\t<li class=\"elementor-icon-list-item\">\n\t\t\t\t\t\t\t\t\t\t\t<span class=\"elementor-icon-list-icon\">\n\t\t\t\t\t\t\t<svg aria-hidden=\"true\" class=\"e-font-icon-svg e-fas-check\" viewBox=\"0 0 512 512\" xmlns=\"http:\/\/www.w3.org\/2000\/svg\"><path d=\"M173.898 439.404l-166.4-166.4c-9.997-9.997-9.997-26.206 0-36.204l36.203-36.204c9.997-9.998 26.207-9.998 36.204 0L192 312.69 432.095 72.596c9.997-9.997 26.207-9.997 36.204 0l36.203 36.204c9.997 9.997 9.997 26.206 0 36.204l-294.4 294.401c-9.998 9.997-26.207 9.997-36.204-.001z\"><\/path><\/svg>\t\t\t\t\t\t<\/span>\n\t\t\t\t\t\t\t\t\t\t<span class=\"elementor-icon-list-text\">Torre\u00f3n, Coahuila<\/span>\n\t\t\t\t\t\t\t\t\t<\/li>\n\t\t\t\t\t\t\t\t<li class=\"elementor-icon-list-item\">\n\t\t\t\t\t\t\t\t\t\t\t<span class=\"elementor-icon-list-icon\">\n\t\t\t\t\t\t\t<svg aria-hidden=\"true\" class=\"e-font-icon-svg e-fas-check\" viewBox=\"0 0 512 512\" xmlns=\"http:\/\/www.w3.org\/2000\/svg\"><path d=\"M173.898 439.404l-166.4-166.4c-9.997-9.997-9.997-26.206 0-36.204l36.203-36.204c9.997-9.998 26.207-9.998 36.204 0L192 312.69 432.095 72.596c9.997-9.997 26.207-9.997 36.204 0l36.203 36.204c9.997 9.997 9.997 26.206 0 36.204l-294.4 294.401c-9.998 9.997-26.207 9.997-36.204-.001z\"><\/path><\/svg>\t\t\t\t\t\t<\/span>\n\t\t\t\t\t\t\t\t\t\t<span class=\"elementor-icon-list-text\">Hermosillo, Sonora<\/span>\n\t\t\t\t\t\t\t\t\t<\/li>\n\t\t\t\t\t\t\t\t<li class=\"elementor-icon-list-item\">\n\t\t\t\t\t\t\t\t\t\t\t<span class=\"elementor-icon-list-icon\">\n\t\t\t\t\t\t\t<svg aria-hidden=\"true\" class=\"e-font-icon-svg e-fas-check\" viewBox=\"0 0 512 512\" xmlns=\"http:\/\/www.w3.org\/2000\/svg\"><path d=\"M173.898 439.404l-166.4-166.4c-9.997-9.997-9.997-26.206 0-36.204l36.203-36.204c9.997-9.998 26.207-9.998 36.204 0L192 312.69 432.095 72.596c9.997-9.997 26.207-9.997 36.204 0l36.203 36.204c9.997 9.997 9.997 26.206 0 36.204l-294.4 294.401c-9.998 9.997-26.207 9.997-36.204-.001z\"><\/path><\/svg>\t\t\t\t\t\t<\/span>\n\t\t\t\t\t\t\t\t\t\t<span class=\"elementor-icon-list-text\">Estado de M\u00e9xico<\/span>\n\t\t\t\t\t\t\t\t\t<\/li>\n\t\t\t\t\t\t<\/ul>\n\t\t\t\t\t\t<\/div>\n\t\t\t\t<\/div>\n\t\t\t\t<\/div>\n\t\t\t\t\t<\/div>\n\t\t\t\t<\/div>\n\t\t<div class=\"elementor-element elementor-element-2df694e e-flex e-con-boxed e-con e-parent\" data-id=\"2df694e\" data-element_type=\"container\">\n\t\t\t\t\t<div class=\"e-con-inner\">\n\t\t\t\t<div class=\"elementor-element elementor-element-52341bb elementor-widget elementor-widget-heading\" data-id=\"52341bb\" data-element_type=\"widget\" data-widget_type=\"heading.default\">\n\t\t\t\t<div class=\"elementor-widget-container\">\n\t\t\t\t\t<h2 class=\"elementor-heading-title elementor-size-default\">\u00bfQuieres un pr\u00e9stamo Unimex pero no eres cliente Mi Gas Natural?<\/h2>\t\t\t\t<\/div>\n\t\t\t\t<\/div>\n\t\t\t\t<div class=\"elementor-element elementor-element-89ff802 elementor-widget elementor-widget-text-editor\" data-id=\"89ff802\" data-element_type=\"widget\" data-widget_type=\"text-editor.default\">\n\t\t\t\t<div class=\"elementor-widget-container\">\n\t\t\t\t\t\t\t\t\t<h5 class=\"has-text-align-center\">Programa tu instalaci\u00f3n y disfruta de los beneficios de ser cliente de\u00a0Mi Gas Natural.\u00a0Visita directamente la p\u00e1gina web\u00a0<a href=\"http:\/\/www.migasnatural.com.mx\/contratacion\/\" target=\"_blank\" rel=\"noreferrer noopener\">\u201cMi Gas Nat<\/a><a href=\"http:\/\/www.migasnatural.com.mx\/contratacion\/\" target=\"_blank\" rel=\"noreferrer noopener nofollow\">u<\/a><a href=\"http:\/\/www.migasnatural.com.mx\/contratacion\/\" target=\"_blank\" rel=\"noreferrer noopener\">ral\u201d\u00a0<\/a>.<\/h5>\t\t\t\t\t\t\t\t<\/div>\n\t\t\t\t<\/div>\n\t\t\t\t\t<\/div>\n\t\t\t\t<\/div>\n\t\t\t\t<\/div>\n\t\t","protected":false},"excerpt":{"rendered":"<p>Mi Gas Natural y Unimex te prestan dinero Hicimos alianza para crear un pr\u00e9stamo r\u00e1pido, 100% en l\u00ednea y con la facilitad de pagarlo desde tu recibo de gas Solicita Tu Cr\u00e9dito Este pr\u00e9stamo es exclusivo para clientes activos de Mi Gas Natural. Es un cr\u00e9dito r\u00e1pido y seguro, tramite 100% en l\u00ednea y puedes [&hellip;]<\/p>\n","protected":false},"author":1,"featured_media":0,"parent":0,"menu_order":0,"comment_status":"closed","ping_status":"closed","template":"","meta":{"footnotes":""},"class_list":["post-3672","page","type-page","status-publish","hentry"],"yoast_head":"<!-- This site is optimized with the Yoast SEO plugin v24.8.1 - https:\/\/yoast.com\/wordpress\/plugins\/seo\/ -->\n<title>Alianza Mi Gas Natural - Unimex Digital<\/title>\n<meta name=\"description\" content=\"Mi Gas Natural y Unimex te prestan dinero.\" \/>\n<meta name=\"robots\" content=\"index, follow, max-snippet:-1, max-image-preview:large, max-video-preview:-1\" \/>\n<link rel=\"canonical\" href=\"https:\/\/unimex.com.mx\/finx\/alianza-mi-gas-natural\/\" \/>\n<meta property=\"og:locale\" content=\"es_ES\" \/>\n<meta property=\"og:type\" content=\"article\" \/>\n<meta property=\"og:title\" content=\"Alianza Mi Gas Natural - Unimex Digital\" \/>\n<meta property=\"og:description\" content=\"Mi Gas Natural y Unimex te prestan dinero.\" \/>\n<meta property=\"og:url\" content=\"https:\/\/unimex.com.mx\/finx\/alianza-mi-gas-natural\/\" \/>\n<meta property=\"og:site_name\" content=\"Unimex Digital\" \/>\n<meta property=\"article:publisher\" content=\"https:\/\/www.facebook.com\/unimex.financiera.creditos\" \/>\n<meta property=\"article:modified_time\" content=\"2024-10-03T16:17:46+00:00\" \/>\n<meta property=\"og:image\" content=\"https:\/\/unimex.com.mx\/finx\/wp-content\/uploads\/2022\/07\/gasnatural-1024x683.jpg\" \/>\n<meta name=\"twitter:card\" content=\"summary_large_image\" \/>\n<meta name=\"twitter:label1\" content=\"Tiempo de lectura\" \/>\n\t<meta name=\"twitter:data1\" content=\"2 minutos\" \/>\n<script type=\"application\/ld+json\" class=\"yoast-schema-graph\">{\"@context\":\"https:\/\/schema.org\",\"@graph\":[{\"@type\":\"WebPage\",\"@id\":\"https:\/\/unimex.com.mx\/finx\/alianza-mi-gas-natural\/\",\"url\":\"https:\/\/unimex.com.mx\/finx\/alianza-mi-gas-natural\/\",\"name\":\"Alianza Mi Gas Natural - Unimex Digital\",\"isPartOf\":{\"@id\":\"https:\/\/unimex.com.mx\/finx\/#website\"},\"primaryImageOfPage\":{\"@id\":\"https:\/\/unimex.com.mx\/finx\/alianza-mi-gas-natural\/#primaryimage\"},\"image\":{\"@id\":\"https:\/\/unimex.com.mx\/finx\/alianza-mi-gas-natural\/#primaryimage\"},\"thumbnailUrl\":\"https:\/\/unimex.com.mx\/finx\/wp-content\/uploads\/2022\/07\/gasnatural-1024x683.jpg\",\"datePublished\":\"2024-08-29T21:15:52+00:00\",\"dateModified\":\"2024-10-03T16:17:46+00:00\",\"description\":\"Mi Gas Natural y Unimex te prestan dinero.\",\"breadcrumb\":{\"@id\":\"https:\/\/unimex.com.mx\/finx\/alianza-mi-gas-natural\/#breadcrumb\"},\"inLanguage\":\"es\",\"potentialAction\":[{\"@type\":\"ReadAction\",\"target\":[\"https:\/\/unimex.com.mx\/finx\/alianza-mi-gas-natural\/\"]}]},{\"@type\":\"ImageObject\",\"inLanguage\":\"es\",\"@id\":\"https:\/\/unimex.com.mx\/finx\/alianza-mi-gas-natural\/#primaryimage\",\"url\":\"https:\/\/unimex.com.mx\/finx\/wp-content\/uploads\/2022\/07\/gasnatural-scaled.jpg\",\"contentUrl\":\"https:\/\/unimex.com.mx\/finx\/wp-content\/uploads\/2022\/07\/gasnatural-scaled.jpg\",\"width\":2560,\"height\":1706},{\"@type\":\"BreadcrumbList\",\"@id\":\"https:\/\/unimex.com.mx\/finx\/alianza-mi-gas-natural\/#breadcrumb\",\"itemListElement\":[{\"@type\":\"ListItem\",\"position\":1,\"name\":\"Portada\",\"item\":\"https:\/\/unimex.com.mx\/finx\/\"},{\"@type\":\"ListItem\",\"position\":2,\"name\":\"Alianza Mi Gas Natural\"}]},{\"@type\":\"WebSite\",\"@id\":\"https:\/\/unimex.com.mx\/finx\/#website\",\"url\":\"https:\/\/unimex.com.mx\/finx\/\",\"name\":\"Unimex Digital\",\"description\":\"Pr\u00e9stamos Unimex\",\"publisher\":{\"@id\":\"https:\/\/unimex.com.mx\/finx\/#organization\"},\"potentialAction\":[{\"@type\":\"SearchAction\",\"target\":{\"@type\":\"EntryPoint\",\"urlTemplate\":\"https:\/\/unimex.com.mx\/finx\/?s={search_term_string}\"},\"query-input\":{\"@type\":\"PropertyValueSpecification\",\"valueRequired\":true,\"valueName\":\"search_term_string\"}}],\"inLanguage\":\"es\"},{\"@type\":\"Organization\",\"@id\":\"https:\/\/unimex.com.mx\/finx\/#organization\",\"name\":\"Unimex Digital SA de CV\",\"alternateName\":\"Unimex\",\"url\":\"https:\/\/unimex.com.mx\/finx\/\",\"logo\":{\"@type\":\"ImageObject\",\"inLanguage\":\"es\",\"@id\":\"https:\/\/unimex.com.mx\/finx\/#\/schema\/logo\/image\/\",\"url\":\"https:\/\/unimex.com.mx\/finx\/wp-content\/uploads\/2024\/10\/logo-unimex.png\",\"contentUrl\":\"https:\/\/unimex.com.mx\/finx\/wp-content\/uploads\/2024\/10\/logo-unimex.png\",\"width\":615,\"height\":406,\"caption\":\"Unimex Digital SA de CV\"},\"image\":{\"@id\":\"https:\/\/unimex.com.mx\/finx\/#\/schema\/logo\/image\/\"},\"sameAs\":[\"https:\/\/www.facebook.com\/unimex.financiera.creditos\",\"https:\/\/www.instagram.com\/unimex.financiera_oficial\/\"]}]}<\/script>\n<!-- \/ Yoast SEO plugin. -->","yoast_head_json":{"title":"Alianza Mi Gas Natural - Unimex Digital","description":"Mi Gas Natural y Unimex te prestan dinero.","robots":{"index":"index","follow":"follow","max-snippet":"max-snippet:-1","max-image-preview":"max-image-preview:large","max-video-preview":"max-video-preview:-1"},"canonical":"https:\/\/unimex.com.mx\/finx\/alianza-mi-gas-natural\/","og_locale":"es_ES","og_type":"article","og_title":"Alianza Mi Gas Natural - Unimex Digital","og_description":"Mi Gas Natural y Unimex te prestan dinero.","og_url":"https:\/\/unimex.com.mx\/finx\/alianza-mi-gas-natural\/","og_site_name":"Unimex Digital","article_publisher":"https:\/\/www.facebook.com\/unimex.financiera.creditos","article_modified_time":"2024-10-03T16:17:46+00:00","og_image":[{"url":"https:\/\/unimex.com.mx\/finx\/wp-content\/uploads\/2022\/07\/gasnatural-1024x683.jpg","type":"","width":"","height":""}],"twitter_card":"summary_large_image","twitter_misc":{"Tiempo de lectura":"2 minutos"},"schema":{"@context":"https:\/\/schema.org","@graph":[{"@type":"WebPage","@id":"https:\/\/unimex.com.mx\/finx\/alianza-mi-gas-natural\/","url":"https:\/\/unimex.com.mx\/finx\/alianza-mi-gas-natural\/","name":"Alianza Mi Gas Natural - Unimex Digital","isPartOf":{"@id":"https:\/\/unimex.com.mx\/finx\/#website"},"primaryImageOfPage":{"@id":"https:\/\/unimex.com.mx\/finx\/alianza-mi-gas-natural\/#primaryimage"},"image":{"@id":"https:\/\/unimex.com.mx\/finx\/alianza-mi-gas-natural\/#primaryimage"},"thumbnailUrl":"https:\/\/unimex.com.mx\/finx\/wp-content\/uploads\/2022\/07\/gasnatural-1024x683.jpg","datePublished":"2024-08-29T21:15:52+00:00","dateModified":"2024-10-03T16:17:46+00:00","description":"Mi Gas Natural y Unimex te prestan dinero.","breadcrumb":{"@id":"https:\/\/unimex.com.mx\/finx\/alianza-mi-gas-natural\/#breadcrumb"},"inLanguage":"es","potentialAction":[{"@type":"ReadAction","target":["https:\/\/unimex.com.mx\/finx\/alianza-mi-gas-natural\/"]}]},{"@type":"ImageObject","inLanguage":"es","@id":"https:\/\/unimex.com.mx\/finx\/alianza-mi-gas-natural\/#primaryimage","url":"https:\/\/unimex.com.mx\/finx\/wp-content\/uploads\/2022\/07\/gasnatural-scaled.jpg","contentUrl":"https:\/\/unimex.com.mx\/finx\/wp-content\/uploads\/2022\/07\/gasnatural-scaled.jpg","width":2560,"height":1706},{"@type":"BreadcrumbList","@id":"https:\/\/unimex.com.mx\/finx\/alianza-mi-gas-natural\/#breadcrumb","itemListElement":[{"@type":"ListItem","position":1,"name":"Portada","item":"https:\/\/unimex.com.mx\/finx\/"},{"@type":"ListItem","position":2,"name":"Alianza Mi Gas Natural"}]},{"@type":"WebSite","@id":"https:\/\/unimex.com.mx\/finx\/#website","url":"https:\/\/unimex.com.mx\/finx\/","name":"Unimex Digital","description":"Pr\u00e9stamos Unimex","publisher":{"@id":"https:\/\/unimex.com.mx\/finx\/#organization"},"potentialAction":[{"@type":"SearchAction","target":{"@type":"EntryPoint","urlTemplate":"https:\/\/unimex.com.mx\/finx\/?s={search_term_string}"},"query-input":{"@type":"PropertyValueSpecification","valueRequired":true,"valueName":"search_term_string"}}],"inLanguage":"es"},{"@type":"Organization","@id":"https:\/\/unimex.com.mx\/finx\/#organization","name":"Unimex Digital SA de CV","alternateName":"Unimex","url":"https:\/\/unimex.com.mx\/finx\/","logo":{"@type":"ImageObject","inLanguage":"es","@id":"https:\/\/unimex.com.mx\/finx\/#\/schema\/logo\/image\/","url":"https:\/\/unimex.com.mx\/finx\/wp-content\/uploads\/2024\/10\/logo-unimex.png","contentUrl":"https:\/\/unimex.com.mx\/finx\/wp-content\/uploads\/2024\/10\/logo-unimex.png","width":615,"height":406,"caption":"Unimex Digital SA de CV"},"image":{"@id":"https:\/\/unimex.com.mx\/finx\/#\/schema\/logo\/image\/"},"sameAs":["https:\/\/www.facebook.com\/unimex.financiera.creditos","https:\/\/www.instagram.com\/unimex.financiera_oficial\/"]}]}},"_links":{"self":[{"href":"https:\/\/unimex.com.mx\/finx\/wp-json\/wp\/v2\/pages\/3672","targetHints":{"allow":["GET"]}}],"collection":[{"href":"https:\/\/unimex.com.mx\/finx\/wp-json\/wp\/v2\/pages"}],"about":[{"href":"https:\/\/unimex.com.mx\/finx\/wp-json\/wp\/v2\/types\/page"}],"author":[{"embeddable":true,"href":"https:\/\/unimex.com.mx\/finx\/wp-json\/wp\/v2\/users\/1"}],"replies":[{"embeddable":true,"href":"https:\/\/unimex.com.mx\/finx\/wp-json\/wp\/v2\/comments?post=3672"}],"version-history":[{"count":19,"href":"https:\/\/unimex.com.mx\/finx\/wp-json\/wp\/v2\/pages\/3672\/revisions"}],"predecessor-version":[{"id":4262,"href":"https:\/\/unimex.com.mx\/finx\/wp-json\/wp\/v2\/pages\/3672\/revisions\/4262"}],"wp:attachment":[{"href":"https:\/\/unimex.com.mx\/finx\/wp-json\/wp\/v2\/media?parent=3672"}],"curies":[{"name":"wp","href":"https:\/\/api.w.org\/{rel}","templated":true}]}}